on factor of 21 and j.
21
Suppose 2*k = 146*t - 147*t + 4035, 10125 = 5*k - 5*t. Calculate the highest common divisor of k and 909.
101
Suppose 0 = 5*f + 4*n - 358, 5*f + 5*n - 376 = -21. Suppose f*h + 96 = 76*h. What is the greatest common divisor of 72 and h?
24
Suppose -2*k - 459 = k. Let i = k - -343. Suppose 0 = -5*w - 5*v + 210, -3*w + 110 = -0*v - v. Calculate the greatest common divisor of i and w.
38
Suppose 4*g + 21 = 57. Suppose 11*m = -17*m + 56. Suppose 0 = 4*x + 3*q - 42, -q = -m*x + 16 - 0. What is the highest common factor of x and g?
9
Let m = -1 - -78. Suppose 3*t + 362*c = 365*c + 60, -3*t - 4*c = -116. What is the greatest common divisor of m and t?
7
Let d(o) = 11 - 60*o + 64*o - 2*o**3 + o**3 + 2*o**3 - 6*o**2. Let s be d(7). What is the greatest common factor of s and 396?
44
Let l = -7 - -15. Let y be (-1)/4 + 759/12. Let b be 4/(-14) - (-1530)/y. Calculate the highest common divisor of l and b.
8
Suppose 13*n - 10 = 8*n. Let m be 4*(-3 + n) - -9. Suppose -3*s + m*c = -317 - 574, 0 = -3*c. Calculate the highest common factor of 33 and s.
33
Let x = -19 + 44. Let h(n) = -1855*n + 5590. Let z be h(3). Calculate the highest common factor of x and z.
25
Suppose 3*f - s - 5 = 0, -s = 2*f - f - 3. Let o be 258 + (-4)/(-4 + f). Let i be (-20)/6*(-19)/(133/42). What is the greatest common factor of i and o?
20
Suppose -2*s - 91*w + 88*w = -452, 0 = 2*s + 5*w - 444. Calculate the highest common factor of s and 7424.
232
Let k(o) = 247*o**3 + o**2 - 57*o + 56. Let v be k(1). What is the greatest common divisor of 39 and v?
13
Let h be -138*(-1)/(-2)*10/(-6). Calculate the highest common divisor of 391 and h.
23
Let d(v) = -v**2 - 32*v - 141. Suppose 0 = 5*t + 81 - 41. Let k be d(t). What is the highest common factor of 323 and k?
17
Let b be (-22)/(-209) - (1347/(-19) - 2). Suppose -4*h + 67 = -b. What is the highest common divisor of h and 55?
5
Let n = 3859 + -3803. What is the greatest common factor of n and 216?
8
Let l(w) = 20*w**3 - 4*w**2 + 3*w - 1. Let y be l(2). Let s = -81 + y. Calculate the greatest common divisor of s and 17.
17
Let u = 980 + -449. Let k = -465 + u. What is the greatest common factor of k and 528?
66
Suppose 2*c - 27 = -n, -4*c = -n - 4*n + 191. Let p = -6 - -6. Suppose 2*s = -5*o + 70, p*s + 35 = s - 3*o. What is the greatest common divisor of s and n?
35
Suppose 204 = 4*y - 1817*p + 1813*p, -97 = -2*y + 3*p. Calculate the greatest common divisor of y and 1918.
14
Let v(p) = p**2 + 8. Let h be 990/11 + (-1)/(1/4). Let g = h - 92. Let w be v(g). What is the greatest common factor of 11 and w?
11
Let d be -8 - (-490)/63 - 94/(-18). Let z be (d/(-10))/(2/(-44)). What is the highest common factor of 187 and z?
11
Let s be (-2)/(-5) + (-4828)/(-355). Suppose -13*v + s*v - 3*z - 139 = 0, -4*v - 5*z = -522. Calculate the greatest common divisor of v and 7.
7
Let p = 18 + 33. Suppose -k + 5*l = 327, 0 = -0*k + 4*k - 3*l + 1291. Let v = -169 - k. Calculate the highest common divisor of p and v.
51
Let b(r) = 63*r - 237. Let n be b(11). Suppose 4*t - 1748 - n = 0. Calculate the greatest common factor of t and 38.
19
Let l = -3803 + 3840. Calculate the highest common divisor of 407 and l.
37
Let j(w) = w - 2. Let q be j(4). Let l be 3360/(-2940) + (-1 - (-6)/(-7)). Let m be (-675)/(-50) - l/q. Calculate the highest common divisor of m and 35.
5
Let p be 5 + (-23)/4 + (-9539)/(-4). Calculate the greatest common divisor of p and 447.
149
Suppose -5*p - 2*r = 2*r - 1142, 2*p - 456 = -2*r. Suppose -5*v + 10*v - p = 0. Let c = v - 18. Calculate the highest common divisor of c and 4.
4
Let y = -2073 - -797. Let k be (-2)/((-144)/y + (-8)/44). Suppose 1285 = 4*c - 3*s, -c + s + 442 = 120. Calculate the highest common divisor of k and c.
29
Let v(t) = t**2 + 8*t - 151. Let p be v(11). Calculate the highest common factor of 1073 and p.
29
Let o(q) = -18 + 23 + 3*q + 2. Suppose 4*n - 9*n = 0. Let c be o(n). What is the highest common factor of 14 and c?
7
Let y be (-15)/(-10)*544/3. Let q = y - 200. Calculate the greatest common factor of q and 48.
24
Let f(i) = -51*i - 70. Let s be f(-20). Calculate the greatest common factor of s and 20.
10
Suppose 5*s = 2*n + n - 11, -3*s = 3*n - 3. Suppose n*l - 27 + 10 = -x, 5*l + 24 = x. Calculate the highest common factor of x and 171.
19
Suppose 2*b = -3*b + 2*g + 8, -g + 9 = 4*b. Suppose -37 = -5*q - 2*x, 4*q + 5*x - 14 = b. Calculate the highest common factor of q and 171.
9
Suppose 0 = -155*c + 8*c + 61299. Calculate the greatest common divisor of c and 6.
3
Let x = 130 + -138. Let z be (-78)/x + (7 - 216/32). Calculate the highest common factor of 190 and z.
10
Let o(u) = 12*u**2 - 2*u + 1. Let c = -24 + 9. Let g be (-9)/c + 2/5. Let l be o(g). What is the greatest common factor of 33 and l?
11
Let q = 2801 + -2294. Calculate the greatest common factor of q and 78.
39
Let d be 347620/105 - (-8)/6. Suppose 54*f - d = 50*f. What is the greatest common factor of 18 and f?
18
Suppose -2269 + 7877 = -8*m. Let h = m - -737. What is the highest common factor of h and 27?
9
Suppose -12*g = -0*g - 248 + 140. Calculate the highest common divisor of 1629 and g.
9
Let q = -291 + 304. Suppose -q*g = -3*g - 60. What is the greatest common divisor of 87 and g?
3
Let o = 319 + -328. Let t be ((-423)/o - -7)*(-8)/(-3). Calculate the greatest common divisor of 6 and t.
6
Let x(n) = -28*n - 3 + 1 + 24*n + 54*n. Let p be x(2). What is the greatest common divisor of 56 and p?
14
Let z(i) = -i**2 - 193*i - 4467. Let k be z(-27). Calculate the highest common factor of k and 645.
15
Let q be (-1 - 3 - 15)/(-2 - -1). Let f be (q/(-3))/((-1)/39). What is the greatest common divisor of f and 19?
19
Let n(z) = -40*z - 2580. Let w be n(-68). What is the greatest common factor of w and 665?
35
Let c = 9 + -4. Suppose -262*y - 14 = -263*y. Suppose -4*j + y = 6. What is the highest common factor of c and j?
1
Let x be ((-8)/6)/(62/(-5115)). Suppose 9*t = 7*t + x. What is the highest common factor of t and 77?
11
Let o = 126 - 6. Suppose -14*x + 48 = -o. What is the greatest common factor of x and 48?
12
Let u(h) = h**2 - 20*h - 103. Let x be u(-7). Let b be 2 - (5 + -3 - 43). What is the highest common factor of b and x?
43
Suppose 5*n = n + 2*b - 14, n - 2*b + 11 = 0. Let x be (-2 - -5) + (n - 29)*-1. What is the greatest common factor of 3 and x?
3
Suppose -5*n - 85842 = -23*n. What is the highest common factor of 38 and n?
19
Let c = -3628 + 4846. Calculate the highest common divisor of 420 and c.
42
Let d = 76 + -104. Let f = -19 + 20. Let h be f/3 + d/(-6). Calculate the highest common factor of 35 and h.
5
Suppose -23*p + 30*p = 287. What is the greatest common factor of 1312 and p?
41
Let o(u) = 17*u + 381. Let r be o(-22). Calculate the highest common factor of 209 and r.
1
Let r be 1288/5 - (670/(-50) + 13). Calculate the highest common divisor of r and 86.
86
Let d(p) = -2*p**2 - 7*p - 8. Let r be d(-2). Let h(k) = k**2 - 3*k - 9. Let w be h(r). Let f be 23/w*1/1 - 4. Calculate the highest common divisor of f and 95.
19
Let f be (-3372200)/(-144) - (-4 + 11)/126. What is the greatest common divisor of 18 and f?
18
Let s = 721 + 529. What is the greatest common factor of s and 50?
50
Suppose -2*k - 5*m - 2525 = 523, 4 = m. Let u = k - -2892. Calculate the greatest common divisor of 14 and u.
14
Let x(b) = 61*b**2 + 192*b - 5. Let i be x(-4). Calculate the highest common factor of 175 and i.
7
Let p = -103 + 93. Let l(f) = f**2 + 1. Let i be l(2). Let r = i - p. Calculate the highest common factor of 15 and r.
15
Let g be -1112*(-4 - (-49)/14). Calculate the greatest common factor of 8 and g.
4
Suppose -352*f = -349*f + 5*r - 3655, -5*f + 6105 = -5*r. What is the greatest common divisor of f and 40?
20
Let v be ((-2)/6)/(33/(-297)). Suppose 30 = -r + 2*r + v*f, 2*r - f = 60. Calculate the highest common factor of r and 30.
30
Let u = -58 + 58. Suppose 20 = m - 0*i + 3*i, m + 4*i - 24 = u. Let r be -1*m/(-2) - -337. What is the highest common divisor of 31 and r?
31
Suppose 40 = 6*x - x. Let h(z) = 22*z - 7*z + 137 - 140 + z**3 - x*z**2. Let a be h(6). Calculate the greatest common divisor of 75 and a.
15
Let t = 490 - 222. Let y = -223 + t. Calculate the greatest common factor of y and 30.
15
S